et n(r) = -r**2 - 6*r + 7. Let t be n(-6). Let a = t - -2. Calculate the remainder when (-7)/((-28)/64) + -1 is divided by a.
6
Suppose 96 = 4*y + 2*w, 0 = -2*y + 2*w + 2*w + 48. What is the remainder when 92 is divided by y?
20
Calculate the remainder when (-2)/3 + (-138)/(-18) is divided by 2.
1
Let m(i) = -2*i - 27. Calculate the remainder when 32 is divided by m(-22).
15
Suppose -b + 5 = 3*a - 10, 2*b = 4*a - 20. Suppose 3*v - 24 = 30. Calculate the remainder when v is divided by a.
3
Suppose 3*k = 4*k + 32. Let z(v) = 3*v - 11. What is the remainder when -2 - 1 - (-9 + k) is divided by z(8)?
12
Suppose -5*u - 2*w = 2*w - 28, 3*u - 2*w = 8. Suppose 48 = u*k - 12. Suppose 3*x - q = 3*q + 64, -q + 33 = x. Calculate the remainder when x is divided by k.
13
Let c = 4 + -6. Let d be c/(((-9)/(-6))/(-3)). Suppose 0 = -3*h + y - d + 60, -16 = -4*y. What is the remainder when 59 is divided by h?
19
Let y(t) = t**2 - 4. Let u = 8 - 5. What is the remainder when 14 is divided by y(u)?
4
Let l be ((-9)/(-15) + -1)*-5. Suppose -l - 2 = -4*x. What is the remainder when (-4)/8*-26*x is divided by 5?
3
Let b(k) = -73*k**3 - 2*k**2 + 1. Let n be b(-1). Suppose 124 = 4*c + 4*o, c + c - 3*o = n. What is the remainder when c is divided by 9?
6
Let h = 5 + -9. Calculate the remainder when 14*(-1)/(h/6) is divided by 11.
10
Let h(q) be the first derivative of 2*q**2 - q - 2. What is the remainder when h(3) is divided by 6?
5
Let i = -34 - -51. What is the remainder when i is divided by 10?
7
Calculate the remainder when 10/(-10) + (-1 - -12)*13 is divided by 12.
10
Let m = 5 + -5. Suppose m = -4*n - 3*z + 3 - 2, 3*n - 5*z = 37. Suppose -v - v = -22. Calculate the remainder when v is divided by n.
3
Suppose 2*d = -x - d + 26, 5*d = -3*x + 70. Let y = x - 5. Calculate the remainder when -4*1/(4/(-43)) is divided by y.
13
Let p(x) = x**3 + 7*x**2 + x + 1. Let l be p(-4). Suppose -2*h + l = 3*h. Calculate the remainder when h is divided by 4.
1
Suppose -2*j - 214 = -5*u, 3*u - 42 = -2*j + 80. What is the remainder when u is divided by 9?
6
Suppose -4*h + 112 - 8 = 0. Calculate the remainder when h is divided by (56/12)/((-2)/(-6)).
12
Suppose 6*m - 35 = m. Let g(k) = k**2 - 22*k + 45. Calculate the remainder when m is divided by g(20).
2
Let q(h) = h**3 + 13*h**2 + 9*h + 5. What is the remainder when q(-12) is divided by 14?
13
Let y(o) = 2*o**2 + 6*o - 3. Calculate the remainder when y(3) is divided by 19.
14
Let u(o) = 15*o + 4. Let a be u(6). Let g = a + 31. What is the remainder when 15 is divided by 1/(-3) - g/(-15)?
7
Suppose 5*l + 2*s - 66 = 0, l + 4*s - 27 = -s. Calculate the remainder when 43 is divided by (-8)/l + 35/3.
10
Suppose 0 = 3*p - 4*n - 14, 4*p - 24 = -0*p + 4*n. Let j = 82 + -43. Calculate the remainder when j is divided by p.
9
Let v(j) = -j**3 + 2*j**2 + 2*j + 2. Let d be v(3). Let y be (2 + d + 42)/1. Suppose y + 69 = 4*q. Calculate the remainder when q is divided by 10.
8
Suppose -238 = -4*f + 2*f. Let w = f - 54. Suppose 2*y - 37 - w = 0. Calculate the remainder when y is divided by 26.
25
Suppose -4*g - 174 = -5*h, -18 = -h - 0*g + 5*g. What is the remainder when h is divided by 24?
14
Suppose -u - 24 + 91 = 0. Suppose 2*c - u = -23. Calculate the remainder when (-16)/(1*2/(-8)) is divided by c.
20
Suppose 2*d - 109 = -4*t - t, 3*d + 3*t = 159. Suppose -3*k - d = -7*k. Let o(c) = -c**3 - 5*c**2 + c - 6. What is the remainder when o(-6) is divided by k?
11
Calculate the remainder when 30 is divided by (16 - -1) + (0 + 2 - 3).
14
Suppose -25 = -b - 6. What is the remainder when 36 is divided by b?
17
Suppose 5*r = 4*h - 65, -h + 15 = -0*h - r. Let s(y) = y**3 - 9*y**2 - 8*y - 11. What is the remainder when 26 is divided by s(h)?
8
Let j(p) = p + 29. Let t = -1 - -1. What is the remainder when j(t) is divided by 62/6 + 8/(-24)?
9
Let a = 15 + -12. What is the remainder when 4 is divided by a?
1
Let h be 236/3 + 2/6. Suppose 3*k = x + 2*k - 31, -h = -3*x - 4*k. Calculate the remainder when x is divided by 10.
9
Let p(i) = -22*i - 11. Calculate the remainder when 217 is divided by p(-3).
52
Let l = 11 - -19. Calculate the remainder when l is divided by 11.
8
Suppose 2*m + m - 15 = 0. What is the remainder when 13 is divided by m?
3
Suppose -n - 14 + 61 = 0. Calculate the remainder when n is divided by (-1 + -17)*(-8)/6.
23
Let q be (-10)/45 + 2/9. Let y(g) = -g**2 + 5. Let t be y(q). Suppose -2*o = -t*u + 83, 4*u - u - o = 50. What is the remainder when u is divided by 9?
8
Suppose -j + 2*j = 3. Suppose d = 4*x + j, -3*x + 27 = -0*d - 3*d. Calculate the remainder when 41 is divided by (1*(-1 + d))/(-1).
13
Let x = -148 - -219. What is the remainder when x is divided by 24?
23
Let u be (-8)/44 - 194/22. Let j be (u/6)/((-1)/2). Suppose -w + 20 = j*a, -2*a = 3*a - 4*w - 56. Calculate the remainder when a is divided by 5.
3
Let h = -46 + 54. Calculate the remainder when 15 is divided by h.
7
Suppose -4*v = -5*j + v - 5, -2*v - 6 = -4*j. Let b = 9 - j. What is the remainder when b is divided by (12/(-8))/((-2)/4)?
2
Let g = 2 - 2. Let a = -25 + 41. Suppose g = 5*l - 14 - a. What is the remainder when 17 is divided by l?
5
Let a be (25 + -1)/(6/(-8)). Let c = 26 - -4. What is the remainder when c is divided by ((-18)/(-6))/((-6)/a)?
14
Let i be -4 + 1 - (-6 + 3). Suppose -2*r + i*r = -2. What is the remainder when 2 is divided by r?
0
Let h = -2 - 14. Let w = h - -25. Calculate the remainder when (3 - -1*27) + -4 is divided by w.
8
Calculate the remainder when (-4 + (-315)/(-10))*2 is divided by 12.
7
Let h = -71 - -81. Calculate the remainder when 48 is divided by h.
8
Let u = 51 + -32. Calculate the remainder when u is divided by 4.
3
Suppose -2*x - 3*x - 25 = 0, -5*h - 2*x + 15 = 0. Suppose -h*c = -2*c - 21. Calculate the remainder when 13 is divided by c.
6
Suppose v + 4*v = 0. Suppose n + v*n - 49 = 0. What is the remainder when n is divided by 17?
15
Let q(t) = 2*t**2 - 2*t - 2. Let r(n) be the first derivative of n**4/4 + 2*n**3 + n**2 + 5*n + 6. Calculate the remainder when r(-4) is divided by q(-2).
9
Let a = -15 + 11. Let g = 4 - a. What is the remainder when 14 is divided by g?
6
Suppose 0*k = -5*k + 5*z + 80, 63 = 4*k - 5*z. Suppose -67 = -3*t + 4*x, t + 2*x - 2 = k. What is the remainder when t is divided by 8?
5
Suppose 0 = 8*q - 13*q + 100. What is the remainder when q is divided by 11?
9
Suppose c - 7 = -4*v + 7, 0 = 2*v + 4*c. Let d = 50 - 35. Calculate the remainder when (-6)/d + (-156)/(-15) is divided by v.
2
What is the remainder when 9/(-6)*(-258)/9 is divided by 11?
10
Let i(u) = 5*u - 15. Calculate the remainder when 74 is divided by i(8).
24
Suppose -111*n + 110*n = -24. What is the remainder when 68 is divided by n?
20
Let s(j) = 2*j**2 - 3*j - 2. Let n be (-6)/(0 + -2) + 1. Let o(v) = -v + 2. Let t be o(n). What is the remainder when 22 is divided by s(t)?
10
Suppose 0 = -o - 1, c = 3*c - 5*o - 39. Calculate the remainder when c is divided by 9.
8
Suppose 0 = -5*a + 2*a - 9, 2*p - 4*a = 22. What is the remainder when 27 is divided by p?
2
Let x = 11 - -4. What is the remainder when 46 is divided by (0 - -1 - 0) + x?
14
Suppose -j - 4*y + 14 = 0, 39 = j + 3*j - y. Calculate the remainder when 35 is divided by j.
5
Suppose a - k = 6, 0 = -2*k - 3*k. Let r = -10 - -9. Let l = r + 12. Calculate the remainder when l is divided by a.
5
Let d(j) be the second derivative of -j**4/12 + 7*j**3/6 + 3*j**2 + 2*j. Calculate the remainder when d(5) is divided by ((-27)/(-12))/(2/8).
7
Let n(w) = -w**3 + 5*w**2 + 6*w + 5. Suppose -2*r - 21 = -3*u + 4*u, 0 = 4*u + 2*r + 54. Let p = 20 + u. What is the remainder when p is divided by n(6)?
4
Let t = 45 - 18. What is the remainder when t is divided by (-138)/(-9) + 1/(-3)?
12
Suppose -3*q - z = q + 52, -q - 30 = -4*z. Suppose -2*p + 0*p + 3*t - 7 = 0, -3*p - t - 5 = 0. What is the remainder when 19 is divided by p/((-10)/q - 1)?
5
Let x(i) = -2*i**3 + 4*i**2 + 8*i + 15. What is the remainder when x(-4) is divided by 16?
15
Let p(x) = 16*x**2 - 3*x. Let b = -31 + 51. Calculate the remainder when p(2) is divided by b.
18
Let k(q) = -q**2 - 17*q + 9. What is the remainder when 25 is divided by k(-17)?
7
Suppose 2*y - 73 = 5*t, -5*y + t = -3*y - 69. Suppose 0 = 2*z - 5*l + 3*l - 44, -2*z 